4 = 2*p, 3*l = 3*p - b. What is the remainder when p is divided by 19?
10
What is the remainder when 61 + (-2 + 3 - (-140)/(-14)) is divided by 25?
2
Suppose 5*b - 369 = -4*l, -5*b + 13*l + 360 = 8*l. Calculate the remainder when b is divided by 50.
23
Suppose -6*c = -1207 - 1223. Let j = c + -258. Suppose -4*i + 5*t + 210 = -j, 4*t = 5*i - 444. What is the remainder when i is divided by 30?
28
Suppose -34*d + 1165 = -127. What is the remainder when 1517 is divided by d?
35
Suppose -2*m - 4*f + 306 = 0, 2*f - 284 = -2*m + 30. Calculate the remainder when 1932 is divided by m.
0
Suppose 20*w = 17*w + 9. Suppose -3*k - 2 = 5*o + 15, o - w = k. Calculate the remainder when (1 - (k - -19))/(-2) is divided by 2.
1
Suppose 13*w - 17*w + 1732 = 0. Calculate the remainder when w is divided by 147.
139
Suppose 140 + 7005 = 5*h. Calculate the remainder when h is divided by 160.
149
Let t(o) = -6*o**2 + 18*o - 3. Let i be t(3). What is the remainder when 166 is divided by 1/(-2)*59*(-5 - i)?
48
Suppose 12*c - 30*c + 2952 = 0. Suppose -980 = -16*t - c. Calculate the remainder when t is divided by 29.
22
Let x(v) = -11*v**2 + 85*v - 11. Let r(f) = f**3 + 20*f**2 + 18*f - 12. Let y be r(-19). What is the remainder when x(y) is divided by 35?
10
Let l be (-7*-2*5)/(-12 - -14). Calculate the remainder when (-301)/l*-15*2/6 is divided by 22.
21
Let d(h) = 0 - 16*h - 25 - 39 + 9. Calculate the remainder when d(-6) is divided by 9.
5
Let z = -6 - -13. Calculate the remainder when ((-8)/14)/((-16)/1680) is divided by z.
4
Let b(c) = -32*c - 1. Let w(k) = 2784*k - 82892. What is the remainder when w(30) is divided by b(-2)?
61
Let i(m) = 17*m - 10. Calculate the remainder when i(3) is divided by (-3)/18*-3*48/1.
17
Suppose 60 = 2*x + 5*r, -1064*r = -5*x - 1067*r + 169. What is the remainder when 282 is divided by x?
2
Let m = -200 - -305. Suppose 24 = 2*b + 20. Suppose -4*y = b - 110. Calculate the remainder when m is divided by y.
24
What is the remainder when -4 - ((-3900)/10 - -2) - 9 is divided by 38?
33
Let i(c) = 52*c**3 + 23*c**2 - 68*c + 4. Calculate the remainder when i(3) is divided by 4.
3
Suppose 3*o = 5*b - 2493, 3*b - 261*o - 1515 = -256*o. Calculate the remainder when b is divided by 135.
90
Suppose -5*x + 41 = -64. Suppose x = -0*k + 3*k. Let l(j) = -38*j**3 + j**2 - 2*j - 2. Calculate the remainder when l(-1) is divided by k.
4
What is the remainder when 675 is divided by (17 - (4 + -2))/(2/30)?
0
Suppose 4*j - d + 2*d = 785, -5*j = 5*d - 985. Suppose -5*f + f + j = 0. Calculate the remainder when 195 is divided by f.
48
Let u = -286 - -362. Calculate the remainder when 915 is divided by u.
3
Suppose -3*d = 9, 641 = 2*i - d + 604. Let h(f) = -7*f. What is the remainder when h(-5) is divided by i?
1
Suppose -25 = -3*b + 182. Let r be -4 + (-6 - -8) - -2. Calculate the remainder when b is divided by -12*(1 + r)/(12 + -13).
9
Let s(f) = f**3 + 7*f**2 - 4*f + 29. What is the remainder when (-23814)/(-210) - (-4)/(-10) is divided by s(-7)?
56
Let t(u) = 9*u**2 - 1. Suppose -257*k + 258*k = -3*z + 234, 3*k + 134 = 2*z. What is the remainder when z is divided by t(1)?
4
Suppose 0 = 5580*b - 5569*b - 451. Suppose 2 + 8 = 5*a. Suppose a*s - 20 = 8. Calculate the remainder when b is divided by s.
13
Let x be (16/40)/(2/(-30)). Calculate the remainder when x/(-4 - 2)*418 is divided by 70.
68
Suppose 5*n - 25*g = -27*g + 150, 0 = -3*n - 3*g + 99. Calculate the remainder when 58 is divided by n.
2
Suppose 155 = q + 4*u, 5*q + 3*u - 240 - 586 = 0. What is the remainder when 840 is divided by q?
5
Let d be 2/(-10) - (-3543)/15. Let j = d + -214. What is the remainder when j is divided by 6?
4
Let k(q) = -3839*q - 30687. Suppose 4*a = 2*i + 90, -58 = -2*a + 4*i - 10. What is the remainder when k(-8) is divided by a?
3
What is the remainder when 8274 is divided by 99/(-44)*(248/(-14))/((-6)/(-14))?
90
Suppose 0 = -44*y + 36*y - 1232. Let o = y + 627. What is the remainder when o is divided by 17?
14
Let b(v) = -88*v + 3350. Calculate the remainder when 315 is divided by b(38).
3
Suppose -26*i = -59*i - 438 + 2187. Let l be (-6)/10 - (-572)/(-55). Let w = l - -25. What is the remainder when i is divided by w?
11
Let i be ((-2)/(-6))/(2/30). Suppose i*d - 5*r - 30 = -0*d, -3*d + 14 = -2*r. Let g(x) = 37*x - 1650. What is the remainder when g(45) is divided by d?
1
Suppose 5*a - 2*a + 2*k = 277, 0 = 3*k + 12. Calculate the remainder when a is divided by ((-6)/(-10))/(102/7140).
11
Let f = 21 - -31. Let a = 79 + -86. Calculate the remainder when 101 is divided by 3/(-2)*a/21*f.
23
Let t(b) = -8*b**2 + 171*b - 162. What is the remainder when 175 is divided by t(20)?
1
Suppose -5*z - 3*d + 26 = -2*d, 0 = 4*z + 3*d - 23. Suppose -3*l = v - 23, -5*v - z*l = -2*v - 49. What is the remainder when 17 is divided by v?
1
Let z(p) be the second derivative of -p**5/20 + p**4 - 8*p**3/3 + 27*p**2/2 + 18*p. What is the remainder when z(9) is divided by 26?
22
Suppose 17079 = 3*f - j, 21*f + 5686 = 22*f + 2*j. What is the remainder when f is divided by 73?
71
Let t(o) = o. Let v be t(5). Suppose -17*c = -v*c. Calculate the remainder when 7 is divided by (6 - 7)*(c + 0 + -1).
0
Let p be (-5)/(-3)*((-12)/(-15) + 1). Calculate the remainder when 140 is divided by (-2)/((-8)/(432/p)).
32
Let z(n) = 9*n**2 + n - 2. Let o(s) = -s**3 - 4*s**2 + 37*s + 57. Calculate the remainder when o(-10) is divided by z(2).
35
Let z be -446 + (-12 - -15) - 1*5. Let b = 461 + z. What is the remainder when 21 is divided by b?
8
Let x(c) = -7*c + 920. What is the remainder when 20655 is divided by x(122)?
63
Let u(b) = b**3 - 115*b**2 + 445*b - 35. Calculate the remainder when 1100 is divided by u(111).
36
Suppose -3*n + 6*l - 113 + 500 = 0, 0 = 3*n - l - 372. Calculate the remainder when 305 is divided by n.
59
Suppose -10*r - 769 = -14*r - 3*f, 2*r - 5*f - 417 = 0. Calculate the remainder when r is divided by (-10)/(-25) + -3 + (-58)/(-5).
7
Let r = 458 - 453. Suppose 0 = -5*g - p + 490, r*p = -0*g - 4*g + 371. Calculate the remainder when g is divided by 58.
41
Let i(r) = 1489*r**2 - 7*r - 7. What is the remainder when i(-1) is divided by 9?
4
Suppose -358 = -2*w + 138. Calculate the remainder when w is divided by (0 + 21)/(4/(0 + 8)).
38
Suppose 4*z - 3*p = -p + 200, 396 = 8*z - 3*p. What is the remainder when z is divided by 19?
10
Let f(l) = 98*l - 53. Let s be f(-3). Let j = -278 - s. Calculate the remainder when j is divided by 15.
9
Let h = -7248 + 7420. What is the remainder when 852 is divided by h?
164
Suppose -208 = -10*c + 1002. Let j(a) = 8*a - 30. Let w be j(-5). Let z = w + c. Calculate the remainder when 149 is divided by z.
47
Let v = -23 - -21. Let g be (3 + 2)*(-24 + v/(-1)). Let r = g - -121. What is the remainder when r is divided by 4?
3
Let k = 1936 + -1919. Calculate the remainder when 1729 is divided by k.
12
Suppose 4 + 20 = 3*m. Let l(q) = -q**2 + 11*q + 6. Suppose -2*t + 188 + 86 = 5*o, 233 = 4*o - 3*t. Calculate the remainder when o is divided by l(m).
26
Let g(h) = -2*h**2 + 150*h - 2252. Calculate the remainder when 1119 is divided by g(21).
15
Let s(m) = -2*m. Let k be s(-2). Suppose 0 = 4*l - u - 285, u - 49 - 16 = -l. Suppose k*w - l = -w. Calculate the remainder when w is divided by 4.
2
Let w(l) = 6 + 3*l**2 - 2*l + 2*l - 3. Let y = 111 - 95. Calculate the remainder when w(-3) is divided by y.
14
Let k(d) be the first derivative of -d**4/4 - 2*d**3 + 3*d**2/2 - 9*d + 1. Let f = 73829 - 73756. What is the remainder when f is divided by k(-7)?
16
Suppose -6512 = -34*u - 23104. Calculate the remainder when u/(-60) - 30/225 is divided by 1.
0
Let z(l) = 79*l - 411. Calculate the remainder when 117 is divided by z(6).
54
Suppose 5*y = 8*y - 12. Suppose -8*v = -y*o - 3*v - 3, 0 = -o + 2*v - 3. Calculate the remainder when (6/15)/((-10)/(-300)) is divided by o.
0
Let r be 1/(-4) - (-4 - 279/12). Suppose 28*x = r*x + 14. Suppose -x*n - 198 = -20*n. What is the remainder when n is divided by 13?
7
Suppose 5*u = -3*p + 46, -8*u + 4*u + 69 = 7*p. Calculate the remainder when 68 is divided by 36 + p + -12 + -8.
22
Let t = -20156 - -20624. What is the remainder when t is divided by 172?
124
Suppose -259 - 626 = 5*a. Let b = a + 220. What is the remainder when 298 is divided b